 44065. Is q composite?
False
Suppose 54 = -14*f + 20*f. Let u(c) = 4*c**3 - 7*c**2 - 27*c - 1. Is u(f) prime?
False
Let c(q) = -1386*q**3 + q**2 - 2*q - 8. Is c(-3) a composite number?
True
Let i(m) = 372*m**2 - 13*m - 56. Is i(-7) a prime number?
False
Let l be (0 - -16)*(18 + -27). Let r = 147 + l. Suppose -y - 3*p = -r*y + 3319, -6627 = -4*y - 5*p. Is y a composite number?
True
Let t be (15 + -16)*(-1 - 0) - -3. Suppose 0 = 2*x, 5*m - m - t*x = 87460. Is m composite?
True
Let w(d) = -d**3 - d**2 + d + 1. Let u(c) = 22*c**3 - 7*c + 22. Let j(s) = u(s) - 5*w(s). Is j(5) a prime number?
True
Let g(x) = 89*x**3 + 3*x**2 + x + 10. Let b(l) = 90*l**3 + 4*l**2 + l + 11. Let r(d) = 3*b(d) - 4*g(d). Is r(-2) a prime number?
True
Suppose 5*j + 17 = 7. Let z be 2/(j/4*1). Is 259 + (2 - 0) + z a prime number?
True
Let c(j) = -j**3 + 9*j**2 - 8*j - 24. Let d be c(-20). Suppose -13*h - d = -46849. Is h prime?
False
Suppose 2*y - 49648 = 18*b - 22*b, 0 = -2*b + 6. Is y prime?
False
Let l = 64 - 67. Let b(r) = -8 - 85*r + 3 + 11*r - 2*r. Is b(l) composite?
False
Suppose 15899936 = -97*v + 40090378. Is v a prime number?
False
Let o(h) = 80*h**2 - 903*h - 15. Is o(-7) a prime number?
False
Let b be 5 - 27/36*4. Suppose -b*h = w - 5976, 6*h + 2*w = h + 14939. Is h a composite number?
True
Suppose 14*t + 3*o - 2711009 = 0, 51474 + 335844 = 2*t - 4*o. Is t prime?
False
Let s be (6 - 8)/((-3)/(-3)). Let t be -2 + -1 + (1197 - s). Let h = 2819 - t. Is h prime?
False
Suppose -n = 5*n - 19626. Let c = n + -1058. Is c composite?
False
Suppose 0 = 12*i - 10*i. Let y = 0 + i. Suppose 3*d - 2*w - 508 = 3*w, 4*d + 5*w - 619 = y. Is d a prime number?
False
Is (2097621/(-9))/(((-20)/5)/4) composite?
False
Let z(h) = 7*h + 31. Let f be z(-5). Let i(p) = -p**2 - 4*p. Let d be i(f). Let y(s) = -3*s + 31. Is y(d) prime?
True
Suppose -126*h + 8002603 - 272670 + 6087353 = 0. Is h a composite number?
False
Let d(i) = i**3 + 6*i**2 - 14*i - 18. Let r be d(-10). Is (r*(-1)/(-4))/(4/(-24)) prime?
False
Suppose 0 = 8*s - 6*s + 3*p - 4466615, 4*s + 5*p = 8933231. Is s composite?
True
Suppose -2*t + 6660 = -9*i + 4*i, 2 = -i. Suppose 2*c - 3316 = 2*q, 2*c - t = -0*c + 5*q. Is c prime?
False
Let c = 205663 + 619438. Is c prime?
True
Let k(f) = -278*f + 79. Let c be k(37). Let t = -794 - c. Is t prime?
True
Let q(m) = 4*m**2 + 3*m - 22. Let o be q(-3). Suppose -4*s - 11595 = -o*w + 11818, -5*s = w - 4700. Is w a prime number?
False
Suppose 0 = 15*k + 51542 - 3362. Let g = -1833 - k. Is g a composite number?
True
Suppose 11*z + 795009 = 3166576. Is z prime?
False
Let v(b) be the first derivative of b**2 + 11*b + 22. Let w be v(0). Suppose -6*y + w*y = 2435. Is y composite?
False
Suppose -2*g + 3*f = -174226 + 38439, -2*g + 5*f + 135793 = 0. Is g a composite number?
True
Suppose 49 = -7*d + 14*d. Suppose -4*c - d*c + 143 = 0. Let f(a) = a**2 + 5*a - 1. Is f(c) a prime number?
True
Let l = 80 + -81. Let i(t) = -1076*t**3 - 1. Let x be i(l). Suppose -5220 = -5*b + x. Is b prime?
True
Suppose 143*m = 282*m - 146*m + 1636187. Is m a prime number?
False
Let g(t) = -1023*t - 41. Let i be g(9). Let v = i - -17599. Suppose -v = -4*s - 3*s. Is s a composite number?
False
Suppose 5*x - t - t = 10318, -5*t = -2*x + 4123. Let v = 3175 - x. Suppose 0 = h + 4*q - 239, -4*h - h = -q - v. Is h prime?
True
Let q(f) = 8679*f**2 - 81*f + 5. Is q(2) composite?
True
Suppose 74920 = 6*q - 10838. Let p = q + -156. Is p prime?
False
Let t(r) be the first derivative of -26 - 11*r - 1/2*r**4 - 4/3*r**3 - 4*r**2. Is t(-7) composite?
True
Let h(f) = -262*f + 175. Let r(y) = -87*y + 61. Let m(x) = -4*h(x) + 11*r(x). Suppose -44 = -4*q - 5*t, -3*t = -5*q + 9 + 9. Is m(q) composite?
True
Suppose 6182*n - 6184*n + 73714 = 0. Is n a prime number?
True
Let y be 1/3*(-8 + 12 + 8). Suppose 2*b = 2*p - 3355 - 24743, y*b - 14059 = -p. Is p a composite number?
False
Suppose -q + 28 = -4*n, 12 = 4*q - 2*q + 3*n. Suppose -q = 3*a, 2*f + 2*a + a = 74. Is f composite?
False
Suppose 0 = 2*c + 5*l + 35103, -4*c = 5*l + 43448 + 26783. Let s = -10827 - c. Is s a composite number?
False
Let s = 1373750 + -829605. Suppose 8 = 2*u, -3*j - 5*u + s = -0*u. Is (j/10)/5 + 3/2 a prime number?
False
Suppose -t + 398 = -4*k, 3*t + 6*k - 4*k = 1138. Suppose -2*d + 4*d = -3*o + 23, 4*o = -4*d + 36. Is 3*o/30*t composite?
False
Suppose -29*t - 34*t = -1512. Let o(v) be the second derivative of -v**5/20 + 13*v**4/6 - 13*v**3/6 + 49*v**2/2 - 2*v. Is o(t) a composite number?
True
Let i(r) = 97*r**3 + 14*r**2 - 79*r + 574. Is i(12) prime?
False
Let j(i) = i**2 - 5*i. Let g be j(5). Is (-1)/(-2) - (38450/(-4) - g) a composite number?
False
Let y = 65133 + -43582. Is y composite?
True
Let s(m) = 563*m**2 + 212*m - 162. Is s(31) composite?
False
Let k(w) = -684*w - 4. Let j(c) = -171*c - 1. Let y(l) = 9*j(l) - 2*k(l). Let v(u) = u**2 + 8*u + 13. Let g be v(-5). Is y(g) a prime number?
False
Let r(a) = -11974*a + 175. Is r(-4) composite?
True
Suppose 5*w - 20 = 220. Let h be 1*3/2*(4 + w). Suppose y = -4 + h. Is y prime?
False
Suppose -1418*d - 568514 = -1452*d. Is d a composite number?
True
Let z(w) = -157*w**3 - 5*w**2 + w + 6. Suppose 3*d - 5 = r - d, -r = -5*d + 5. Let p be z(r). Suppose 3*s - 5*v = 19499, -s - 2*s + 4*v + p = 0. Is s prime?
False
Is (23 - 56 - -37) + (0 + 19107 - 0) composite?
True
Let z(b) = 6*b**2 + b + 9. Let v(u) = 5*u**2 + 8. Let w(m) = 7*v(m) - 6*z(m). Let l be w(-5). Suppose l*r - 3*r - 2252 = 0. Is r a composite number?
False
Let l = 572439 + -309626. Is l a composite number?
True
Let h(y) be the third derivative of 285*y**5/4 + 5*y**4/24 + y**3/6 + 2*y**2 + 34. Is h(-1) prime?
True
Let w(v) = -3*v + 12. Let a be w(2). Let q be a/(-9) + (-19114)/(-6). Suppose -5*t = -1800 - q. Is t prime?
True
Let p(c) be the third derivative of 149*c**5/60 + c**4/2 - 7*c**3/6 - 155*c**2. Is p(2) a prime number?
True
Suppose -424 + 459 = 7*j. Suppose -y + 3*s + 355 = s, 2*y = j*s + 705. Is y a composite number?
True
Let r(v) = 4*v**2 - 10*v - 25. Let n be r(14). Suppose 0 = -4*z + 3*d + 1541, -3*z + 2*d = d - 1157. Suppose n = 3*h - z. Is h composite?
True
Suppose z = -0*z + 4*a - 178, 2*z + 370 = a. Let d = -1036 - -1529. Let t = z + d. Is t a composite number?
False
Suppose 5*k + 8183 = q - 6686, 0 = 3*q + k - 44639. Is q a composite number?
False
Let f(t) = 2336*t**2 + 130*t - 503. Is f(4) composite?
True
Let k(w) = 2*w**2 - 18*w - 34. Let g be k(11). Suppose 0 = -g*r + 21*r - 121583. Is r prime?
False
Suppose -f + 2*p = 11 - 20, -2*p + 6 = 4*f. Is f/(-7) + 719212/91 a prime number?
False
Suppose 2*y = 5*x + 6*y + 76, 5*x + 2*y = -68. Let j(i) = 69*i - 50. Let w(h) = -34*h + 25. Let o(f) = -4*j(f) - 7*w(f). Is o(x) a prime number?
False
Let j = 1773615 + -756648. Is -1 - (-5)/3 - j/(-63) a prime number?
False
Let j be (-543)/1*4/6. Let w = 157 + j. Let b = w - -500. Is b a prime number?
False
Let b be (-6)/(-4)*2*3. Let g(s) = -21 - 31 + 76 - 60 - 8 + 83*s. Is g(b) prime?
False
Suppose 5*k = -2*m + 1 - 14, 0 = 3*m - 3*k - 33. Suppose -2*c + m = -2*t + 4*t, 4*t + 30 = 3*c. Suppose 0 = -c*b + 7*b - 157. Is b a prime number?
True
Let h(u) = u**2 - 4*u + 2. Let p be h(3). Let a(z) = 70*z**3 - z**2 + 1. Let y be a(p). Let o = y + 181. Is o prime?
False
Suppose 60*w + 5*r - 7 = 62*w, -5*w + 8 = -4*r. Suppose -3*u + 48*m + 76674 = 45*m, 51134 = 2*u + w*m. Is u a composite number?
False
Suppose 113*y - 19962569 = -80*y. Is y composite?
True
Is 0 - 7 - (-83)/((-2158)/(-290160)) a prime number?
False
Let f(g) = 3*g**2 + 21*g - 1. Let r be f(-7). Let c(u) = -6179*u - 2. Let o be c(r). Suppose d = -2*d - z + 4609, o = 4*d - 5*z. Is d prime?
False
Suppose 9*m = 65 - 20. Suppose -16*r + 18*r - 6121 = -5*g, 2*r = m*g + 6171. Is r prime?
False
Suppose 0 = 6*h - 8*h + 3740. Suppose 5*d + 5*u - h = 0, 8*u - 6 = 6*u. Is d composite?
True
Let r(a) = -2*a**2 + 5*a + 113. Let g be r(9). Is g - 34/(-8) - 72355/(-4) prime?
True
Let k = 8235 + -232. Is k prime?
False
Suppose 4 = -2*a + 8. Suppose -a*u + 335 = -1883. Suppose 2*x = x - 1, 2*p - 3*x - u = 0. Is p a composite number?
True
Let o(h) = h**3 - 14*h**2 + 15*h - 26. Let n be o(13). Is ((-3 - -4) + n)/(2/322) a composite number?
True
Suppose 406*s - 403*s - 795 = 0. Is s a prime number?
False
Let j = 2